3303 is divided by 119?
110
What is the remainder when 11219 is divided by 6?
5
Calculate the remainder when 6473 is divided by 2156.
5
What is the remainder when 4230 is divided by 2102?
26
What is the remainder when 504 is divided by 123?
12
What is the remainder when 14859 is divided by 1567?
756
Calculate the remainder when 232822 is divided by 2.
0
Calculate the remainder when 12757 is divided by 425.
7
Calculate the remainder when 5666 is divided by 383.
304
Calculate the remainder when 6862 is divided by 384.
334
What is the remainder when 3992 is divided by 10?
2
Calculate the remainder when 446 is divided by 67.
44
Calculate the remainder when 7103 is divided by 101.
33
Calculate the remainder when 436 is divided by 237.
199
Calculate the remainder when 269 is divided by 23.
16
What is the remainder when 89186 is divided by 411?
410
Calculate the remainder when 10270 is divided by 2554.
54
What is the remainder when 94785 is divided by 1437?
1380
Calculate the remainder when 610 is divided by 118.
20
Calculate the remainder when 2735 is divided by 1009.
717
Calculate the remainder when 206362 is divided by 378.
352
What is the remainder when 3448 is divided by 309?
49
Calculate the remainder when 830 is divided by 734.
96
What is the remainder when 587424 is divided by 1901?
15
Calculate the remainder when 53944 is divided by 4495.
4
What is the remainder when 1397 is divided by 48?
5
What is the remainder when 19653 is divided by 892?
29
What is the remainder when 3778 is divided by 789?
622
Calculate the remainder when 11150 is divided by 169.
165
Calculate the remainder when 26427 is divided by 2035.
2007
Calculate the remainder when 939 is divided by 65.
29
Calculate the remainder when 19307 is divided by 4.
3
Calculate the remainder when 17896 is divided by 154.
32
Calculate the remainder when 5433 is divided by 5421.
12
Calculate the remainder when 51764 is divided by 647.
4
What is the remainder when 347994 is divided by 11?
9
Calculate the remainder when 2946 is divided by 522.
336
What is the remainder when 35841 is divided by 103?
100
Calculate the remainder when 24189 is divided by 108.
105
Calculate the remainder when 2529 is divided by 2138.
391
What is the remainder when 979 is divided by 484?
11
What is the remainder when 1059082 is divided by 73?
71
What is the remainder when 185374 is divided by 273?
7
What is the remainder when 37047 is divided by 1236?
1203
What is the remainder when 6087 is divided by 127?
118
Calculate the remainder when 13280 is divided by 202.
150
Calculate the remainder when 86132 is divided by 65.
7
What is the remainder when 5737 is divided by 104?
17
Calculate the remainder when 274225 is divided by 2016.
49
What is the remainder when 108816 is divided by 21746?
86
Calculate the remainder when 54499 is divided by 94.
73
What is the remainder when 2206 is divided by 432?
46
Calculate the remainder when 224980 is divided by 18.
16
Calculate the remainder when 151119 is divided by 76.
31
Calculate the remainder when 11088 is divided by 596.
360
Calculate the remainder when 2419295 is divided by 319.
318
What is the remainder when 3398 is divided by 426?
416
Calculate the remainder when 8566 is divided by 57.
16
Calculate the remainder when 4837 is divided by 49.
35
Calculate the remainder when 52948 is divided by 2.
0
Calculate the remainder when 1486 is divided by 29.
7
Calculate the remainder when 2130 is divided by 1676.
454
Calculate the remainder when 17957 is divided by 315.
2
Calculate the remainder when 10541 is divided by 5212.
117
What is the remainder when 767711 is divided by 81?
74
What is the remainder when 18713 is divided by 1687?
156
Calculate the remainder when 352197 is divided by 191.
184
Calculate the remainder when 8435 is divided by 712.
603
What is the remainder when 2129 is divided by 633?
230
Calculate the remainder when 555206 is divided by 398.
394
What is the remainder when 678378 is divided by 62?
36
Calculate the remainder when 33924 is divided by 4.
0
Calculate the remainder when 6191 is divided by 612.
71
Calculate the remainder when 3458 is divided by 459.
245
Calculate the remainder when 15718 is divided by 5157.
247
Calculate the remainder when 163331 is divided by 117.
116
What is the remainder when 25625 is divided by 732?
5
What is the remainder when 8523 is divided by 14?
11
What is the remainder when 566404 is divided by 51?
49
What is the remainder when 88503 is divided by 184?
183
What is the remainder when 2487 is divided by 15?
12
Calculate the remainder when 1078109 is divided by 990.
989
What is the remainder when 68456 is divided by 539?
3
What is the remainder when 2112 is divided by 279?
159
What is the remainder when 173134 is divided by 833?
703
What is the remainder when 2266 is divided by 1923?
343
Calculate the remainder when 3045948 is divided by 11.
4
What is the remainder when 27100 is divided by 322?
52
Calculate the remainder when 111098 is divided by 62.
56
What is the remainder when 7996 is divided by 740?
596
What is the remainder when 439954 is divided by 377?
372
What is the remainder when 19044 is divided by 19023?
21
Calculate the remainder when 1045 is divided by 865.
180
What is the remainder when 3814 is divided by 1104?
502
Calculate the remainder when 36096 is divided by 2.
0
What is the remainder when 1235 is divided by 385?
80
What is the remainder when 11131 is divided by 78?
55
What is the remainder when 11633 is divided by 42?
41
What is the remainder when 38256 is divided by 524?
4
What is the remainder when 1324 is divided by 282?
196
Calculate the remainder when 1044 is divided by 451.
142
What is the remainder when 9170 is divided by 615?
560
Calculate the remainder when 2078008 is divided by 495.
493
Calculate the remainder when 974179 is divided by 19.
11
What is the remainder when 10143 is divided by 2018?
53
What is the remainder when 1474 is divided by 18?
16
What is the remainder when 15119 is divided by 60?
59
Calculate the remainder when 11269 is divided by 14.
13
Calculate the remainder when 54145 is divided by 1867.
2
What is the remainder when 7820 is divided by 34?
0
What is the remainder when 16926 is divided by 8463?
0
What is the remainder when 61625 is divided by 20512?
89
What is the remainder when 764 is divided by 76?
4
What is the remainder when 522 is divided by 33?
27
Calculate the remainder when 4215 is divided by 388.
335
Calculate the remainder when 275 is divided by 88.
11
What is the remainder when 4378 is divided by 396?
22
What is the remainder when 924 is divided by 458?
8
What is the remainder when 1385 is divided by 740?
645
What is the remainder when 313462 is divided by 36?
10
Calculate the remainder when 1033744 is divided by 1456.
1440
What is the remainder when 12436 is divided by 291?
214
Calculate the remainder when 57513 is divided by 29.
6
What is the remainder when 5209 is divided by 435?
424
Calculate the remainder when 6746121 is divided by 588.
585
What is the remainder when 2669 is divided by 227?
172
Calculate the remainder when 15295 is divided by 478.
477
What is the remainder when 3173339 is divided by 262?
257
What is the remainder when 1669 is divided by 88?
85
Calculate the remainder when 213270 is divided by 128.
22
What is the remainder when 423669 is divided by 65?
64
What is the remainder when 490 is divided by 172?
146
Calculate the remainder when 502 is divided by 235.
32
What is the remainder when 1037 is divided by 89?
58
What is the remainder when 2455107 is divided by 45?
42
What is the remainder when 1587 is divided by 1575?
12
What is the remainder when 31653 is divided by 173?
167
Calculate the remainder when 15009 is divided by 38.
37
Calculate the remainder when 120051 is divided by 3.
0
Calculate the remainder when 89432 is divided by 29807.
11
What is the remainder when 7341 is divided by 111?
15
Calculate the remainder when 14723 is divided by 232.
107
Calculate the remainder when 341740 is divided by 45.
10
Calculate the remainder when 370263 is divided by 282.
279
Calculate the remainder when 1460 is divided by 26.
4
What is the remainder when 19414 is divided by 19?
15
What is the remainder when 9025 is divided by 1910?
1385
What is the 